Let k be l(6). Let d = 150 + -127. Suppose -65 = -2*o - 5*t, -o + d = -3*t - k. Does 6 divide o?
True
Let t be ((-24)/36)/((-1)/6). Let l = t - -10. Does 3 divide l?
False
Let d(o) = o**2 + 2*o + 2. Let g be 2/15 + (-352)/165. Let x be d(g). Suppose -x*l + 140 = 44. Does 16 divide l?
True
Suppose -10*u + 26 + 4 = 0. Suppose -u*q = q - 240. Is q a multiple of 6?
True
Let z(y) = -y**3 + 5*y**2 - 5*y + 5. Suppose -12*d + 9*d + 12 = 0. Let v be z(d). Is -3 + (2 - -49) - v a multiple of 13?
False
Let b(i) = 9*i + 15. Let w be b(-11). Let r be (w/9)/((-8)/12). Let p(d) = d**3 - 15*d**2 + 15*d + 4. Is p(r) a multiple of 11?
False
Let u(i) = 17*i**2 + 13*i + 10. Let k(f) = 19 - 22*f**2 + 37*f - 12*f + 55*f**2. Let q(j) = 6*k(j) - 11*u(j). Does 12 divide q(-2)?
False
Let w = 2 + 6. Is 8 a factor of 4 + -4 + 0 + w?
True
Let d = -431 + 701. Is ((-2)/5)/(2*(-3)/d) a multiple of 3?
True
Let u(x) be the second derivative of x**4/12 - x**3/3 + 84*x**2 + 10*x. Is 10 a factor of u(0)?
False
Let f(k) = -k - 1. Let n be (-3)/6 - (-1)/(-2). Let z(d) = 12*d + 6. Let u(a) = n*z(a) + 4*f(a). Is 21 a factor of u(-5)?
False
Suppose -4*h + 23 = 3. Let f = h + -2. Is 28 - 0 - -3 - f a multiple of 12?
False
Let b(z) = -z**3 - 17*z**2 + 27*z - 56. Does 9 divide b(-19)?
True
Let d(u) = 169*u - 90. Is d(6) a multiple of 44?
True
Suppose 0*f - 30 = -5*f - 2*b, 4*f = 5*b - 9. Let c = f - -13. Is 11 a factor of c?
False
Does 143 divide (254700/(-375))/(3/(-15))?
False
Suppose 2*u + 4 = -0*u. Let a be 0/(-3*u/(-3)). Suppose a = 3*f - 121 - 11. Is 22 a factor of f?
True
Does 16 divide (2/((-28)/13111))/((-2)/4)?
False
Let r(y) = y**2 - 14*y - 4. Let v be r(13). Let z = v - -21. Suppose -4*a + 0*a + 18 = 2*w, 0 = -3*w - z*a + 27. Does 9 divide w?
True
Let c(t) = 13 - 3*t - 12*t + 2*t - 7*t. Is 19 a factor of c(-6)?
True
Let q(f) = -2*f**3 - 34*f**2 - 54*f - 24. Is 146 a factor of q(-21)?
False
Let l = 3730 - 1520. Is l a multiple of 34?
True
Suppose -2*p + 0*p = 0. Let x = -395 + 400. Suppose -f = 2*f - 9, p = s - x*f - 131. Is 35 a factor of s?
False
Suppose -2*a - r = 2*a - 21, -5*r = -4*a - 9. Suppose -4*z - 360 = -a*g - 2*z, z = 4*g - 364. Is g a multiple of 15?
False
Suppose 5*n = 2*c - 50, -n - 26 = n - 2*c. Is 3 a factor of ((-28)/n + 7)/((-1)/(-2))?
True
Suppose 50*y - 41844 = -16*y. Does 57 divide y?
False
Suppose 0 = z + 3*b - 5*b - 223, -4*b - 880 = -4*z. Is z a multiple of 22?
False
Suppose -4*f + 3*f = 0, 3*f = 3*t - 774. Does 16 divide t?
False
Suppose -182 = -5*o - 9*o. Suppose -17*h - 4*j = -o*h - 268, -2*h = -4*j - 122. Is 5 a factor of h?
True
Let l be (-9)/6*2 - 1. Let o(m) = -m**3 - 4*m**2 - 6*m - 5. Does 19 divide o(l)?
True
Let p(x) = 17*x + 2 - 4*x - 7*x - 7*x + 2*x**2. Is 13 a factor of p(-6)?
False
Let z = -726 + 1227. Does 27 divide z?
False
Let s(g) = 21*g + 6. Let w be s(-2). Let a(y) = -y**3 - 4*y**2 + 5*y - 3. Let l be a(-5). Is 14 a factor of (33/12)/(l/w)?
False
Let m(a) = 2*a**3 - 14*a**2 + 15*a - 21. Let s be m(6). Let v be (-42)/(-4)*4/(-2). Does 6 divide (14/v)/(s/54)?
True
Let y = 325 + -81. Suppose w - 5*w = -y. Is 8 a factor of w?
False
Let o = 55 + -84. Let x = -16 - o. Suppose c - 35 = -x. Is c a multiple of 17?
False
Suppose -5*c + c = 8. Let g = 107 + c. Suppose 5*o + 0*v - 5*v - g = 0, 2*o = 4*v + 48. Is o a multiple of 5?
False
Suppose 1 = 7*z + 1. Suppose z*o + 172 = 2*o - 3*i, -4*i = 4*o - 304. Is o a multiple of 40?
True
Let n(c) = -17*c**3 - 4*c**2 + c. Let w be n(-3). Let r = w + -292. Is r a multiple of 8?
True
Let i = -375 + 2414. Does 52 divide i?
False
Let l(s) = -3*s**3 - s**2 - 10*s - 31. Is 13 a factor of l(-7)?
False
Suppose 0*s - 28 = -4*s. Let d(f) = f**2 - 6*f - 7*f**2 + f**3 + 0*f**3 + 2*f**3 - 2*f**3. Is d(s) a multiple of 3?
False
Let q = 69 + -33. Suppose 5*g - 10 = -0*g. Suppose 2*l = -g*l + q. Does 4 divide l?
False
Let k be ((-895)/50*-2)/(3/15). Suppose 284 = w + 3*q, 2*w - q + k = 761. Does 50 divide w?
False
Suppose -614 = 4*j - 938. Is j a multiple of 27?
True
Suppose 0 = -s + 6*s - 4*f + 236, -f = 4*s + 172. Is (-668)/s - 6/33 a multiple of 7?
False
Let b(i) = -8*i + 18. Let x be ((-32)/(-40))/((-4)/90). Does 27 divide b(x)?
True
Let f(i) = -i**2 + 2*i + 1. Let v be f(-2). Let o(g) = -g**3 - 8*g**2 - 3*g - 3. Let n be o(v). Let l = 9 - n. Is l a multiple of 20?
True
Let x be ((-2)/(-4))/(6/(-12)). Let h be x/((-17)/4 + 4). Suppose -4*k - h*v = -456, k - 3*v + 0*v = 98. Is 28 a factor of k?
False
Suppose -11*o - 1072 = -3338. Is o a multiple of 27?
False
Suppose 0 = -2*l + 2*z + 52, 5 = -4*z - 11. Does 15 divide ((-50)/(-15))/(l/(-24) - -1)?
False
Let s(x) = -x**2 + 53*x - 193. Does 20 divide s(43)?
False
Let x(j) = -j + 13. Let f = -3 - -13. Let k be x(f). Suppose -k*h = -5*h + 72. Is h a multiple of 12?
True
Let j(v) = -58*v**3 - 1. Let g be j(-1). Let d = 27 + -63. Let u = d + g. Is 5 a factor of u?
False
Let p be 6/(-27) - 370/(-45). Suppose -5*a - 5 = -y + p, 55 = 3*y + a. Does 15 divide y?
False
Let u(p) = 4*p - 7. Let g be u(-5). Let c = 7 + g. Let v = c + 35. Is v a multiple of 15?
True
Suppose 223 - 759 = -8*x. Is 3 a factor of x?
False
Let y(h) = -h - 12. Let l(u) = -u - 13. Let m(d) = -5*l(d) + 4*y(d). Let p be m(-12). Does 13 divide (-64)/(-5) + p/25?
True
Let z(u) = u**3 + 6*u**2 + 4. Let r be z(-6). Suppose -13 = -5*d + 157. Suppose -129 = -r*s + k, -k + 1 = -s + d. Does 16 divide s?
True
Suppose 5*p = 11 + 14. Suppose -43 = -p*z + 82. Is 25 a factor of z?
True
Let u(p) = -p + 3. Let i(g) = -g + 3. Let y(t) = -5*i(t) + 4*u(t). Let k be y(5). Suppose k*b = 3*b - 11. Is b a multiple of 7?
False
Let t be 4752/(-360) - (-2)/10. Suppose 4*b + 234 = 82. Let u = t - b. Does 13 divide u?
False
Let b = 99 - 64. Let y = b + -25. Does 8 divide y?
False
Let z(d) = 115*d - 13. Let q(l) = -29*l + 3. Let b(k) = 18*q(k) + 4*z(k). Is b(-1) a multiple of 16?
True
Does 109 divide (-26)/((-78)/5887) - 2/6?
True
Let n(t) = -30*t**3 + t**2 + 3*t - 1. Let y(i) = -3*i**2 - i. Let m be y(-1). Does 44 divide n(m)?
False
Let r(q) = q**3 - 13*q**2 + 5*q - 11. Let f be r(12). Suppose 2*w = 5*k + w - 840, -4*k + w = -673. Let d = f + k. Is d a multiple of 24?
True
Let l = 7 - 4. Let g(v) = -16*v - l - 2 - 4 + 2. Does 20 divide g(-4)?
False
Suppose 27*l = 31*l - 5*s - 524, -3*l = -2*s - 386. Does 37 divide l?
False
Suppose 0*q + 17 = 3*q - 5*n, 2 = -2*n. Suppose -q*d + 3*d - 3 = 0. Is -3 + (1 - d) - -14 a multiple of 7?
False
Suppose -1695 = -5*k - 5*b, -874 = -2*k + 2*b - 208. Is 16 a factor of k?
True
Suppose -2*f = -14 - 6. Suppose 0*h = 5*h - f. Suppose h*r = l + 15, 4*l - 6 - 14 = 0. Is r a multiple of 5?
True
Let y = 104 + -68. Does 18 divide y?
True
Let n(z) = -2*z. Let h be 5/1 + (6 - 5). Let s be n(h). Is 30 a factor of s/16 + 139/4?
False
Let p = 3 - 3. Suppose p = 5*i + 2*o - 285, -3*i + 171 = -0*o + 3*o. Is i a multiple of 19?
True
Suppose 335 = -4*f - 201. Let h = f + 269. Suppose -48 = -k + 2*g, 0*k - 3*k + 3*g = -h. Is k a multiple of 21?
True
Suppose -7*b + 2205 = -1736. Does 13 divide b?
False
Let r = 172 - -306. Is r a multiple of 30?
False
Let k(g) = g**3 + 31*g**2 + 65*g - 53. Is 14 a factor of k(-28)?
False
Suppose -j + 145 = p - 0*p, 3*p - 415 = j. Is 66 a factor of p?
False
Suppose 822 = 4*a - 818. Let c = -223 + a. Is 21 a factor of c?
False
Let g = -88 + 172. Suppose -30*z = -29*z - g. Does 14 divide z?
True
Let m(a) = -9*a - 21. Let z(g) = 8*g + 22. Let i(h) = 2*m(h) + 3*z(h). Does 11 divide i(7)?
True
Let i(y) = 7*y**2 - y. Let q be i(-1). Suppose -4*v = -0*v + q, -2*s - 5*v + 84 = 0. Let c = s - 29. Is c a multiple of 10?
False
Does 24 divide (0 - 2150/(-3)) + 46/(-69)?
False
Let s(m) = 23*m**3 + m**2 + m + 1. Let c = 33 + -31. Let u be s(c). Let a = -136 + u. Is a a multiple of 8?
False
Let u be 2 + 6/3 + -2. Suppose u*m - m = 3. Suppose -2*l + m*x = -18, -2*l = l - x - 13. Is l even?
False
Let r = -283 - -539. Does 64 divide r?
True
Suppose 2*t = 8*c - 4*c - 5642, 4*c - 5*t - 5639 = 0. Is 17 a factor of c?
True
Let c(y) = -3*y - 15. Let v be c(-5). Suppose v = -4*b + 1634 + 326. Suppose -62 - 438 = -5*g + 4*w, b = 5*g - 2*w. Is g a multiple of 24?
True
Let r = 12 - 8. Suppose -r*n = n - 25. Suppose 4*w - 3*w = n. Is w a multiple of 2?
False
Suppose -5*d = -6*s + 3*s - 14, d - 5*s = -6. Suppo